+ 3. Give x(2).
27
Let u(t) = 3*t + 65. What is u(-16)?
17
Let z(j) = j**2 + 8*j - 53. What is z(-11)?
-20
Let y(v) = 30*v + 296. Give y(-9).
26
Let d(n) = 75*n + 519. Give d(-7).
-6
Let p(a) = 2*a - 22. Calculate p(16).
10
Let x(k) = -k**3 - 4. What is x(0)?
-4
Let l(f) = 4*f + 8. What is l(-1)?
4
Let q(k) = k**2 - 2*k + 9. Determine q(-3).
24
Let o(r) = -41*r + 3. Determine o(1).
-38
Let k(x) = 12*x + 103. Give k(-9).
-5
Let y(u) = 4*u - 3. Determine y(-5).
-23
Let j(y) = -3*y**2 + 3*y - 3. Calculate j(3).
-21
Let v(a) = -a**2 + 24*a + 13. Determine v(25).
-12
Let a(d) = d**2 - 9*d + 4. Calculate a(6).
-14
Let u(i) = -2*i**3 + 12. Give u(0).
12
Let w(x) = 3*x**2 + 40*x - 26. What is w(-14)?
2
Let b(i) = -i**2 - 10*i + 10. Determine b(-11).
-1
Let i(j) = -20*j. Give i(-1).
20
Let q(x) = -x**3 + 5*x**2 + 7*x - 8. Determine q(7).
-57
Let v(t) = -t**3 + 13*t**2 - 14*t + 17. Give v(12).
-7
Let s(f) = -4*f**2 - f - 8. Give s(4).
-76
Let l(h) = -h**2 - 14*h + 9. Calculate l(-14).
9
Let i(f) = -f - 21. What is i(-6)?
-15
Let d(n) = -n**2 + 10*n - 18. Calculate d(8).
-2
Let q(n) = 5*n - 13. Calculate q(5).
12
Let j(u) = 3*u**3 - 4*u**2 + 2. What is j(3)?
47
Let m(d) = -35*d + 247. Calculate m(7).
2
Let d(q) = -q**2 - 8*q - 4. What is d(-8)?
-4
Let l(p) = -3*p**2 - 5*p + 3. Calculate l(2).
-19
Let p(t) = t - 22. What is p(5)?
-17
Let w(g) = -g**3 - 15*g**2 - 14*g. Give w(-14).
0
Let j(f) = f + 9. Determine j(-14).
-5
Let u(s) = -s**2 - 16*s - 56. Give u(-5).
-1
Let b(x) = -x**2 - 25*x - 104. Determine b(-5).
-4
Let j(i) = i + 8. Determine j(-12).
-4
Let a(t) = -3*t + 8. Determine a(-6).
26
Let l(k) = -3*k + 98. Calculate l(30).
8
Let a(g) = -7*g - 58. Give a(-8).
-2
Let d(k) = -6*k**3 + k**2 + 2*k + 2. Calculate d(-1).
7
Let b(w) = 6*w - 18. Calculate b(6).
18
Let b(i) = 3*i - 3. Determine b(8).
21
Let r(h) = 9*h + 8. Give r(-1).
-1
Let u(x) = x**3 + 36*x**2 - 251*x + 40. Give u(-42).
-2
Let q(g) = g + 4. Give q(4).
8
Let i(y) = y**3 - 3*y**2 - 5*y + 9. Calculate i(4).
5
Let p(z) = -2*z - 5. Calculate p(3).
-11
Let k(s) = s**2 - 4*s + 9. What is k(5)?
14
Let v(y) = 2*y**2 + 19*y - 14. What is v(-10)?
-4
Let i(y) = y**2 + 4*y - 19. Give i(4).
13
Let w(v) = -v**2 - 8*v + 1. What is w(-7)?
8
Let x(a) = -a**2 + 3*a + 4. Determine x(4).
0
Let p(i) = i**3 + 14*i**2 + 11*i + 14. Give p(-13).
40
Let w(v) = -v**3 - 14*v**2 + 16*v + 13. Calculate w(-15).
-2
Let r(j) = 5*j - 10. Give r(-14).
-80
Let j(o) = 9*o + 115. What is j(-10)?
25
Let q(y) = 6*y + 4. What is q(-1)?
-2
Let u(p) = 3*p - 3. What is u(4)?
9
Let c(k) = -k**3 + 8*k**2 + 9*k - 7. Determine c(9).
-7
Let c(o) = 3*o + 9. Calculate c(-7).
-12
Let q(t) = t**3 - 6*t**2 + 8. Determine q(6).
8
Let g(x) = x**3 - 15*x**2 + 5*x - 8. Determine g(15).
67
Let g(v) = 20*v + 56. Calculate g(-4).
-24
Let z(d) = -2*d**3 + 21*d**2 - 9*d - 12. Give z(10).
-2
Let l(x) = x**2 + 15*x - 8. What is l(-15)?
-8
Let l(v) = v**3 + 7*v**2 - 9*v - 16. Determine l(-8).
-8
Let m(g) = -10*g - 2. Determine m(1).
-12
Let a(d) = 2*d - 10. Give a(-10).
-30
Let s(c) = -c**2 + 8*c + 52. Determine s(9).
43
Let i(d) = -82*d**3 - 2*d - 3. Calculate i(-1).
81
Let y(d) = d**2 - 7*d + 2. Calculate y(5).
-8
Let n(p) = -p**2 - 4*p + 5. Give n(-4).
5
Let l(d) = -2*d**3 - 11*d**2 - 4*d + 13. Give l(-5).
8
Let m(u) = -3*u + 3. Calculate m(0).
3
Let w(n) = -68*n**2 - 1. Calculate w(1).
-69
Let t(n) = -n**2 + 9*n - 8. Determine t(6).
10
Let q(y) = 35*y + 3183. Give q(-91).
-2
Let z(j) = j**2 - 7*j + 4. Calculate z(3).
-8
Let t(z) = 4*z**2 - 4*z + 4. Give t(4).
52
Let t(b) = -b**3 + 8*b**2 + 3*b + 5. What is t(8)?
29
Let t(d) = -2*d + 2. What is t(2)?
-2
Let m(l) = -l**3 + 14*l**2 + 15*l + 2. Give m(15).
2
Let q(z) = -3*z + 34. Give q(-14).
76
Let t(n) = n**3 - 2*n**2 - 4*n + 6. Determine t(4).
22
Let f(o) = -o**3 - 4*o**2 - 5*o - 4. What is f(-5)?
46
Let f(m) = 2*m**2 - 12*m + 21. Give f(2).
5
Let o(z) = -z**3 + 8*z**2 + 8*z - 2. Give o(7).
103
Let j(h) = -2*h**2 - h - 6. What is j(-4)?
-34
Let q(l) = -l**2 + 2*l + 6. Give q(7).
-29
Let p(z) = 13*z - 12. What is p(-2)?
-38
Let k(p) = -41*p + 306. What is k(8)?
-22
Let k(i) = 4*i**3 + 9*i - 9. Determine k(1).
4
Let y(o) = o**2 - 10*o + 18. Calculate y(8).
2
Let x(n) = 4*n**3 + 23*n**2 - 15*n - 50. Calculate x(-6).
4
Let k(a) = -9*a - 111. What is k(-10)?
-21
Let d(c) = c**2 - 4*c + 14. Determine d(4).
14
Let v(s) = s**3 - 5*s**2 + 18*s - 62. Give v(4).
-6
Let d(y) = -y**2 - 15*y - 26. What is d(-13)?
0
Let l(n) = -2*n**3 + 11*n**2 - 7*n + 2. Calculate l(5).
-8
Let c(r) = -r**2 + 21*r + 187. Give c(28).
-9
Let u(v) = -3*v**2 - v - 1. Determine u(0).
-1
Let k(h) = 4*h**2 + 131*h - 36. Calculate k(-33).
-3
Let u(j) = -j**3 - 19*j**2 - 7*j - 123. What is u(-19)?
10
Let y(u) = -u**3 + u - 1. Determine y(-2).
5
Let k(n) = 6*n - 1. Determine k(-1).
-7
Let p(x) = -x**3 + 17*x**2 - 3*x + 49. Give p(17).
-2
Let m(h) = 11*h - 17. Calculate m(-5).
-72
Let o(s) = -5*s**2 + 7*s - 9. Calculate o(2).
-15
Let a(c) = -c**3 + 13*c**2 - 15*c - 80. What is a(11)?
-3
Let c(j) = -j**2 + 41*j - 371. Calculate c(27).
7
Let v(m) = -2*m**3 + 4*m**2 + 34. Calculate v(0).
34
Let h(a) = 28*a - 596. Determine h(22).
20
Let m(w) = -w**3 + 6*w**2 + 8*w - 9. Determine m(7).
-2
Let w(g) = -g - 4. Give w(-4).
0
Let p(n) = 32*n - 205. Determine p(8).
51
Let l(s) = -s**3 + 3*s**2 + 2*s + 10. Determine l(4).
2
Let k(h) = h**2 + 8*h - 1. What is k(-6)?
-13
Let g(i) = i - 4. Determine g(-11).
-15
Let j(z) = z**3 + 4*z**2 + 3*z. Calculate j(-3).
0
Let m(h) = -h**3 - h**2 - 2*h - 1. Calculate m(0).
-1
Let l(n) = 6*n**2 + 19*n + 15. Calculate l(-4).
35
Let f(n) = -n**3 - 3*n**2 - 9. Calculate f(0).
-9
Let h(z) = z - 30. Give h(-3).
-33
Let q(n) = n**3 + 8*n**2 + 8*n - 18. What is q(-6)?
6
Let i(c) = c**3 - 3. Give i(0).
-3
Let b(f) = 26*f**2 - 3*f - 2. Give b(-1).
27
Let i(x) = -2*x**2 - 11*x - 12. Give i(-5).
-7
Let p(f) = f + 20. Determine p(-12).
8
Let d(o) = o**2 + 8*o + 10. Give d(-5).
-5
Let r(d) = -4*d + 41. Calculate r(6).
17
Let x(z) = -19*z - 2. Calculate x(-2).
36
Let l(p) = -19*p - 9. Calculate l(-3).
48
Let q(i) = -60*i + 2. Calculate q(-1).
62
Let t(x) = -x**3 - 5*x**2 - 9*x - 1. Give t(-2).
5
Let h(b) = -b**3 - 6*b**2 - 3*b + 11. What is h(-5)?
1
Let g(m) = -m**3 + 13*m**2 + 2*m - 28. Give g(13).
-2
Let v(p) = -p**3 - 19*p**2 + p + 12. What is v(-19)?
-7
Let r(x) = 4*x**3 + x**2 + 2*x - 3. Determine r(2).
37
Let o(n) = -6*n - 122. Determine o(-17).
-20
Let c(w) = w**2 - 4*w + 5. What is c(7)?
26
Let m(u) = -u**3 + 13*u**2 - u - 17. Calculate m(13).
-30
Let q(f) = -3*f**2 + 16*f - 21. Give q(4).
-5
Let a(p) = -p**2 - p + 49. Calculate a(0).
49
Let d(q) = 8*q + 11. Give d(-3).
-13
Let m(x) = -x**2 + 4*x + 4. Give m(3).
7
Let c(m) = 5*m - 32. What is c(4)?
-12
Let q(l) = l**2 + 33*l + 37. Give q(-32).
5
Let t(s) = -7*s - 6. Determine t(-5).
29
Let x(v) = -12*v. What is x(-3)?
36
Let f(i) = i**3 + 11*i**2 - i - 12. Calculate f(-11).
-1
Let g(q) = -q**3 - 9*q**2 - 5*q - 7. Determine g(-9).
38
Let w(j) = -j**2 + 2*j + 5. Determine w(6).
-19
Let u(d) = -d**3 - 11*d**2 + 13*d + 7. Give u(-12).
-5
Let x(n) = -4*n - 44. Give x(-10).
-4
Let m(v) = -6*v + 27. What is m(5)?
-3
Let r(v) = -2*v**3 - 2*v - 2. Give r(-2).
18
Let j(d) = 3*d - 29. Give j(9).
-2
Let g(b) = -37*b + 122. Determine g(3).
11
Let i(x) = x**2 - 13*x - 10. Give i(13).
-10
Let l(h) = h**2 + 24*h + 59. What is l(-7)?
-60
Let w(o) = o**3 + 6*o**2 + 3*o + 14. Determine w(-6).
-4
Let u(c) = c**3 + 11*c**2 + 8*c - 20. Give u(-10).
0
Let o(y) = -y**3 + 4*y**2 + 4. Calculate o(3).
13
Let b(g) = -g**3 - 9*g**2 + 11*g + 6. Give b(-10).
-4
Let o(n) = n**3 - 7*n**2 - n + 3. What is o(7)?
-4
Let b(a) = -10*a - 12. Calculate b(-6).
48
Let y(j) = 10*j**3 - 2*j**2 + 2*j - 1. Give y(1).
9
Let y(j) = 7*j**2 - 2*j + 2. Give y(2).
26
Let j(r) = 47*r + 1. Calculate j(-1).
-46
Let w(x) = 21*x - 12. Determine w(3).
51
Let g(z) = z**2 + 16*z + 21. Give g(-5).
-34
Let i(u) = 3*u**2 - 3*u. Determine i(4).
36
Let n(a) = -a + 5. Give n(3).
2
Let q(g) = -15*g + 23. What is q(-5)?
98
Let g(q) = 9*q**2 - 2*q - 2. Give g(2).
30
Let k(o) = 3*o + 20. Calculate k(-8).
-4
Let r(a) = -6*a**2 + 65*a + 8. Give r(11).
-3
Let t(g) = g**3 + 33*g**2 - 40*g - 211. Give t(-34).
-7
Let n(q) = q**2 - 11. Give n(6